o*m + 35 = 8*m. What is the remainder when 13 is divided by m?
6
Let d = -11 - -16. Suppose q = 4, d*u - 130 = -q - 51. What is the remainder when (-4)/((2/20)/(-1)) is divided by u?
10
Suppose -2*r = -5*q + 2, -2*q + 0*q = -2*r + 4. Suppose 6*c - 8*c = r*l - 110, -169 = -3*c - 4*l. What is the remainder when c is divided by 12?
11
What is the remainder when (-4888)/(-10) + (-408)/510 is divided by 17?
12
Let r = 1 - 101. Calculate the remainder when (-6780)/r + (-2)/(-10) is divided by 37.
31
Suppose 0 = m - 4214 + 3981. Calculate the remainder when m is divided by 60.
53
Let p = -390 + 623. What is the remainder when p is divided by 59?
56
Let i = 9 + 8. Calculate the remainder when 42 is divided by i + -4 + (1 - 5).
6
Suppose a - 81 = -8*a. Suppose 3*y + 5*j = 124, 3*j = y - 37 - a. Calculate the remainder when 84 is divided by y.
41
Suppose -5*p = -p - 1592. Suppose i = -4*m + p - 1, -5*i - 391 = -4*m. What is the remainder when m is divided by 20?
19
Let y be (13/(-3))/(1/3). Suppose -3*q + 72 = -0*q. Let r = q + y. Calculate the remainder when r is divided by 6.
5
Suppose 0 = w - 470 + 343. Calculate the remainder when w is divided by 28.
15
Suppose 0*w = w - 3. Let d(t) = -2*t**2 - 15*t + 5. Let n be d(-7). Let g(y) = -y + 21. What is the remainder when g(n) is divided by w?
0
Let i(u) = -132*u + 65*u + 17 + 68*u. What is the remainder when 129 is divided by i(-6)?
8
Let j(i) = i**2 - 25*i + 16. Let g be j(12). Let b = g - -150. What is the remainder when 37 is divided by b?
7
Suppose -15 = 5*f, 0 = 5*i - 4*f - 90 - 62. What is the remainder when 363 is divided by i?
27
Suppose -3*c + 2*u - 1 = 0, 3*u = 4*c - 0*u + 3. Let h(q) = q**3 - 8 - 16*q + q + 0*q**3 - 2*q**3 - 8*q**2. Calculate the remainder when h(-6) is divided by c.
1
Suppose -5*a = -a - 52. Suppose -w - 32 = -m, -2*m + 21 = -5*w - 49. Calculate the remainder when m is divided by a.
4
Suppose -361 = 22*s - 1021. Calculate the remainder when (-297)/(-5) - 2/5 is divided by s.
29
What is the remainder when 205 is divided by ((13 - 12) + 2)/(3/43)?
33
Let y be 2/6 - 13/3. Suppose 2*z - 20 = -22, 3*w + 4*z - 83 = 0. Calculate the remainder when w is divided by y/(-6) + (-66)/(-9).
5
Let b be 33/18 + 14/84. Let l be (-4)/18 - 74/(-9). Suppose l = b*r + 4. What is the remainder when 6 is divided by r?
0
Suppose -20*h + 7 = -21*h. Let r = 5 - h. Suppose -5*z + 10 = -3*l + 2*l, 4*z = -l + 17. Calculate the remainder when r is divided by z.
0
Let w = -1170 - -1188. What is the remainder when 159 is divided by w?
15
Let x = 0 - -2. Suppose -x*c - 7 = -3*p + 10, -2*p + 5 = 5*c. Suppose -d = n - 21, 3*n + 54 = p*n - d. Calculate the remainder when n is divided by 13.
12
Let v = 318 + -263. What is the remainder when 128 is divided by v?
18
Let l(z) = 7*z**3 + z**2 - 6*z + 7. What is the remainder when 118 is divided by l(2)?
8
Let y(p) = -4*p + 32. Let s be y(10). What is the remainder when s/(-3)*1050/56 is divided by 13?
11
Let c(u) = u + 36. Let l(s) = s**3 - 8*s**2 + 8*s - 6. Let r be l(7). What is the remainder when c(7) is divided by (12 - r)*(0 - -1)?
10
Let u(q) = 5*q - 7. Let p(v) = 10*v**2 - 4*v + 10. What is the remainder when p(-3) is divided by u(6)?
20
Let g(s) = -9*s - 8. Let p be g(3). Let l = p - -61. What is the remainder when l is divided by 7?
5
Let z(j) = 7*j - 16. Let p(l) = l**3 + 9*l**2 + 8*l + 5. Let s be p(-8). Let f = s + 2. What is the remainder when z(f) is divided by 17?
16
Let u = 26 - 36. Let w = -1 - u. What is the remainder when 24/((2 - 3) + 2) is divided by w?
6
Suppose j = 0, 0 = -2*l + l + 4*j + 8. Calculate the remainder when 14 is divided by l.
6
Let r(m) = -m**3 + 5*m**2 + 15*m + 24. What is the remainder when 143 is divided by r(7)?
19
Suppose -15 = -3*f - n + 4*n, -3*f - 3*n + 3 = 0. Let x be (-11)/(-3) - 2/f. Calculate the remainder when -39*(-2 + x)*-2 is divided by 27.
24
Let v(n) = 2*n**2 + 2*n + 4. Let p be v(3). Calculate the remainder when 65/1*p/35 is divided by 19 - (-2 + (-3)/(-1)).
16
Suppose -5*j + 2*j = 0. Suppose j*y + 5*y = 10. Suppose -y*v + 10 = 0, -2*a + v = -2*v - 69. Calculate the remainder when a is divided by 22.
20
Let v(f) = -8*f - 42. What is the remainder when 265 is divided by v(-9)?
25
Suppose 0 = 4*l - 4*j - 457 + 37, -525 = -5*l - 2*j. Calculate the remainder when l is divided by 24.
9
Suppose -47 = -5*q + 3*x, -x = 5*q + 5 - 56. Let t = q + -1. Suppose 3*u + 48 = 2*p + 5, 0 = -2*p - 3*u + 25. What is the remainder when p is divided by t?
8
Let t(c) = c**2 - 7*c - 8. Let d(p) = 2*p - 9. Let v be d(3). Let s = 18 + -6. Calculate the remainder when t(v) is divided by s.
10
Let c = 12 + -8. Let d(i) = 21*i**2 + 3*i + 4. Let x be d(c). Suppose x = -v + 4*v + 5*q, -3*v + 4*q = -307. What is the remainder when v is divided by 28?
25
Suppose 8*m - 111 = 4*m + h, -38 = -2*m + 4*h. Let j(t) = 2*t. Calculate the remainder when m is divided by j(4).
5
Let h = 4655 + -4634. What is the remainder when 3/(-6)*(-162)/1 is divided by h?
18
What is the remainder when -4 + 15/(-6) + (-2190)/(-60) is divided by 17?
13
What is the remainder when 47 is divided by (192/40)/(33/10 + -3)?
15
Let g = -1 - -13. Let d = 3 - g. Calculate the remainder when (129/d)/((-1)/3) is divided by 15.
13
Let u = 33 + -31. Calculate the remainder when 44 is divided by ((-57)/(-95))/(u/30).
8
Suppose 4*j + 2*a + 270 = -0*j, 5*j + 4*a + 330 = 0. Let x be (-2 - 11/(-3))/((-79)/2133). Let w = x - j. What is the remainder when w is divided by 9?
7
Suppose 0 = 2*g - 5*q - 122, -5*g - 7*q + 9*q + 347 = 0. Calculate the remainder when 138 is divided by g.
67
Suppose -67*k - 65 = -72*k. Let n = -31 + 56. Calculate the remainder when n is divided by k.
12
Let w = -294 + 311. Suppose 3*s - 7*s - 4*t + 16 = 0, t - 13 = -2*s. What is the remainder when w is divided by s?
8
Let x(v) = -3*v - 10. Let f be x(-5). Suppose -7*h - f*m = -5*h - 135, -168 = -3*h + 4*m. Suppose 4*o - o = h. Calculate the remainder when 39 is divided by o.
19
Suppose -447 = -4*y - 3*m, 5*m = -1 - 14. Let i(h) = 6*h - 79. What is the remainder when y is divided by i(18)?
27
Let p = -9 + 12. Suppose -2*f - 25 = p*f. Let i = f - -8. What is the remainder when 7 is divided by i?
1
Let p be 28/49 + 76/14. Suppose -p*n + 105 = -n. Suppose -252 = -4*h + 2*d - 5*d, 2*h + 4*d = 136. What is the remainder when h is divided by n?
18
Let m = 225 - 65. Calculate the remainder when m is divided by 7.
6
Suppose 95 = -31*h + 219. Suppose 4*u - 5*s - 6 - 25 = 0, -5*u = -2*s - 26. Calculate the remainder when u is divided by h.
0
Let w = -300 - -320. Calculate the remainder when 33 is divided by w.
13
Let d be 7*-1*(-24)/21. Suppose 405 = -d*g + 13*g. Calculate the remainder when g is divided by 21.
18
What is the remainder when 3 - (-28)/(-12) - 3748/(-12) is divided by 64?
57
Let c(a) = -a**3 - 5*a**2 + 9. Let p be ((-3)/6)/((-6)/36). Suppose 2*j + p*j - 2*t = 83, 4 = -t. What is the remainder when j is divided by c(-5)?
6
Let k(u) = 3*u**2 - 10*u - 1. Let n be ((-2)/(-4))/(2/28). Let w be n/(0/(-3) - -1). Calculate the remainder when k(w) is divided by 39.
37
Let m(s) = s**3 - 7*s**2 - 6*s + 2. What is the remainder when (12/(-60))/((-2)/490) is divided by m(8)?
13
Suppose -385 = -2*b - 9*b. Suppose -47 = 4*p - 7. Let q = 19 + p. Calculate the remainder when b is divided by q.
8
Let h(b) = -b**3 + 7*b**2 - 5*b - 1. Let g be h(6). Suppose 5*f = -g*x + 20, 0 = -x + f + 3*f - 6. What is the remainder when (2 + -6)*1/(-2) is divided by x?
0
Let j = -53 + 19. Let p = j - -63. Calculate the remainder when p is divided by 15.
14
Let d(a) = -2*a**3 - 6*a**2 - 3*a + 1. Calculate the remainder when 221 is divided by d(-4).
41
Let z(r) be the first derivative of -7*r**2/2 + 21*r + 46. Calculate the remainder when 27 is divided by z(2).
6
What is the remainder when 107 is divided by (-68)/986 + (-1568)/(-29)?
53
Suppose -3*d = -256 - 401. What is the remainder when d is divided by 22?
21
Suppose 4*y - 228 = 32. Let o = 129 - y. What is the remainder when o is divided by 36?
28
Let p = -5 + 12. Let c = -2479 - -2486. What is the remainder when c is divided by p?
0
Suppose -143 = -2*m - 5*w, -5*m + 163 = w - 160. What is the remainder when m is divided by 17?
13
Calculate the remainder when 209 - ((-6)/12)/((-3)/24) i